ivisor of 1305 and 240.
15
What is the greatest common factor of 368 and 207?
23
Calculate the greatest common divisor of 25 and 10.
5
What is the highest common factor of 1189 and 41?
41
What is the greatest common divisor of 285 and 195?
15
Calculate the greatest common factor of 58 and 2.
2
What is the highest common factor of 25748 and 82?
82
Calculate the highest common factor of 63 and 450.
9
What is the highest common factor of 9 and 279?
9
What is the greatest common divisor of 1892 and 286?
22
What is the highest common factor of 12 and 2904?
12
Calculate the highest common divisor of 8360 and 190.
190
What is the greatest common divisor of 80 and 15?
5
Calculate the highest common divisor of 22 and 11066.
22
What is the greatest common factor of 1404 and 216?
108
Calculate the greatest common divisor of 1536 and 54.
6
Calculate the greatest common divisor of 120 and 1110.
30
Calculate the greatest common divisor of 134 and 2479.
67
What is the greatest common factor of 352 and 22?
22
What is the highest common factor of 140 and 270?
10
Calculate the greatest common divisor of 76 and 513.
19
What is the greatest common divisor of 15 and 22065?
15
Calculate the highest common factor of 57 and 8797.
19
What is the greatest common factor of 540 and 972?
108
Calculate the highest common divisor of 14 and 252.
14
What is the highest common divisor of 17850 and 63?
21
Calculate the highest common factor of 828 and 16.
4
Calculate the greatest common divisor of 1512 and 675.
27
Calculate the greatest common factor of 24 and 750.
6
Calculate the greatest common factor of 1029 and 126.
21
What is the greatest common factor of 30 and 13870?
10
Calculate the greatest common factor of 2635 and 85.
85
What is the greatest common divisor of 1102 and 4?
2
Calculate the greatest common divisor of 6623 and 1253.
179
What is the highest common divisor of 763 and 14?
7
Calculate the highest common factor of 264 and 336.
24
What is the highest common factor of 82 and 8446?
82
What is the greatest common factor of 14168 and 231?
77
Calculate the greatest common divisor of 22 and 1606.
22
Calculate the highest common divisor of 2893 and 11.
11
What is the highest common divisor of 900 and 80?
20
What is the greatest common divisor of 26 and 338?
26
Calculate the highest common factor of 133 and 14.
7
Calculate the greatest common factor of 34 and 102.
34
What is the greatest common factor of 45 and 4395?
15
What is the greatest common factor of 378 and 546?
42
What is the highest common factor of 58 and 812?
58
What is the greatest common factor of 192 and 496?
16
Calculate the greatest common divisor of 44 and 22.
22
What is the greatest common factor of 75 and 135?
15
Calculate the highest common divisor of 2 and 2.
2
What is the highest common divisor of 154 and 70?
14
What is the greatest common divisor of 105 and 84?
21
Calculate the greatest common factor of 27 and 198.
9
What is the highest common divisor of 1008 and 36?
36
What is the greatest common factor of 195 and 117?
39
What is the highest common factor of 21 and 567?
21
Calculate the greatest common factor of 11570 and 520.
130
Calculate the greatest common divisor of 132 and 1254.
66
Calculate the highest common factor of 12319 and 127.
127
What is the greatest common divisor of 96 and 480?
96
Calculate the highest common divisor of 140 and 161.
7
Calculate the greatest common factor of 8949 and 114.
57
Calculate the greatest common factor of 590 and 35695.
295
Calculate the greatest common factor of 658 and 188.
94
What is the highest common divisor of 2770 and 10?
10
Calculate the greatest common divisor of 45 and 1476.
9
Calculate the greatest common factor of 861 and 42.
21
Calculate the greatest common divisor of 276 and 4324.
92
What is the highest common factor of 6625 and 530?
265
What is the highest common factor of 1196 and 10?
2
Calculate the greatest common factor of 77 and 407.
11
Calculate the highest common divisor of 1015 and 35.
35
Calculate the greatest common divisor of 1393 and 398.
199
What is the highest common divisor of 51706 and 206?
206
What is the greatest common divisor of 64 and 1984?
64
Calculate the greatest common factor of 119 and 68.
17
What is the highest common factor of 231 and 21?
21
Calculate the highest common factor of 119 and 539.
7
Calculate the greatest common divisor of 693 and 63.
63
What is the highest common divisor of 1442 and 63?
7
What is the highest common divisor of 14860 and 120?
20
Calculate the greatest common factor of 312 and 48.
24
Calculate the greatest common divisor of 48 and 528.
48
Calculate the highest common factor of 852 and 11715.
213
What is the greatest common factor of 11492 and 26?
26
What is the greatest common factor of 30 and 29895?
15
Calculate the greatest common factor of 47 and 94.
47
Calculate the greatest common factor of 98 and 6.
2
What is the highest common factor of 3 and 141?
3
Calculate the greatest common factor of 60 and 40.
20
What is the greatest common divisor of 30 and 2190?
30
Calculate the highest common divisor of 5359 and 621.
23
Calculate the greatest common divisor of 53 and 689.
53
Calculate the highest common factor of 10 and 115.
5
What is the highest common divisor of 2 and 9?
1
Calculate the greatest common factor of 369 and 41.
41
What is the greatest common factor of 49 and 119?
7
Calculate the greatest common factor of 541 and 1.
1
What is the greatest common factor of 16 and 70?
2
What is the greatest common factor of 48 and 120?
24
What is the highest common divisor of 702 and 26?
26
What is the highest common divisor of 22 and 286?
22
Calculate the greatest common factor of 1 and 281.
1
Calculate the greatest common factor of 212 and 14257.
53
What is the greatest common divisor of 23 and 11707?
23
What is the highest common factor of 15 and 20?
5
What is the greatest common divisor of 4 and 10204?
4
What is the greatest common divisor of 4187 and 371?
53
What is the highest common divisor of 5 and 15?
5
What is the highest common divisor of 6951 and 42?
21
Calculate the highest common divisor of 24 and 192.
24
Calculate the highest common divisor of 2983 and 3925.
157
Calculate the highest common factor of 801 and 9.
9
Calculate the highest common divisor of 1080 and 15255.
135
What is the greatest common factor of 1040 and 640?
80
What is the highest common factor of 438 and 6?
6
Calculate the greatest common divisor of 87 and 3.
3
What is the greatest common divisor of 1 and 17?
1
Calculate the highest common factor of 1058 and 736.
46
Calculate the greatest common divisor of 216 and 4680.
72
What is the highest common divisor of 42 and 658?
14
Calculate the highest common factor of 8 and 262.
2
What is the greatest common divisor of 18 and 306?
18
Calculate the greatest common factor of 207 and 432.
9
Calculate the greatest common factor of 167 and 20207.
167
What is the greatest common factor of 640 and 21280?
160
What is the highest common factor of 1221 and 33?
33
Calculate the highest common factor of 11524 and 402.
134
What is the highest common factor of 195 and 20?
5
Calculate the greatest common factor of 103 and 8343.
103
What is the greatest common factor of 232 and 29?
29
What is the greatest common divisor of 377 and 87?
29
What is the greatest common divisor of 14 and 602?
14
Calculate the greatest common divisor of 40 and 29160.
40
Calculate the highest common divisor of 781 and 154.
11
What is the highest common factor of 276 and 84?
12
What is the greatest common factor of 196 and 2107?
49
What is the greatest common factor of 390 and 30?
30
Calculate the highest common factor of 300 and 140.
20
What is the greatest common factor of 46 and 16537?
23
Calculate the highest common divisor of 1368 and 522.
18
What is the highest common factor of 1535 and 15?
5
What is the highest common factor of 1092 and 168?
84
What is the greatest common divisor of 29 and 1856?
29
Calculate the highest common divisor of 70 and 630.
70
Calculate the greatest common divisor of 245 and 5.
5
What is the greatest common divisor of 15 and 715?
5
What is the highest common divisor of 759 and 66?
33
Calculate the highest common factor of 1991 and 22.
11
What is the greatest common fa